igit of o?
1
Suppose 4*h - 2*h = -20. What is the units digit of ((-1460)/50)/(4/h)?
3
Let v = 2414 + 42. What is the units digit of v?
6
Suppose 4*m = -4*t + 48, t - m - 28 = -2*t. Let w = 10 - t. Suppose -r + 3*l = -61, r - 76 = -w*r - 2*l. What is the tens digit of r?
7
Suppose -4*y = 2*n - 2418, 2*y - 3*y - 2418 = -2*n. What is the units digit of n?
9
Let t(j) = -j**2 - 11*j + 210. Let c(f) = 5*f**2 + 45*f - 840. Let h(s) = 2*c(s) + 9*t(s). What is the hundreds digit of h(0)?
2
What is the hundreds digit of ((-30)/60)/(4/(-22488))?
8
Let v(z) = -z + 21. Let c(d) = -d**3 + 8*d**2 + 12*d - 17. Let k be c(9). What is the units digit of v(k)?
1
Suppose 4*m = -2*h + 4122, -6*m + 7*m + 4112 = 2*h. What is the units digit of h?
7
Let c = 29 + -15. Suppose 5 = -13*w + c*w. Suppose w*l - 7*l = -88. What is the tens digit of l?
4
Let d be (-1 - 9/(-7)) + (-12)/42. Suppose c - 4*o - 91 = -2*o, 2*c - 2*o - 176 = d. What is the units digit of c?
5
Suppose -5*j = 4*d - 13949, -3864 = 3*j + 2*d - 12233. What is the hundreds digit of j?
7
Suppose 3*g + 4*p = 11075, -5*g - 25*p = -23*p - 18449. What is the tens digit of g?
8
Let n = -76 - -87. Suppose -5*f = 5*j - 330, -n*j + 195 = -8*j + 2*f. What is the units digit of j?
3
Let p(y) = 6*y**2 + 8*y - 26. Let w(z) = -2*z**2 - 3*z + 9. Let h(q) = 5*p(q) + 14*w(q). What is the tens digit of h(-4)?
3
Let p = 12 - 9. Suppose -5*j + 3*i + 640 = i, -535 = -4*j - p*i. Let y = j - 92. What is the tens digit of y?
3
Let u(d) = -29*d + 8. What is the tens digit of u(-4)?
2
Let u(r) = 9*r + 6. Let d(v) = -v + 17. Let t be d(4). What is the units digit of u(t)?
3
Let k be 279/(-18) - 2/(-4). What is the tens digit of (-40)/k*(-81)/(-6)?
3
Suppose -3*h = -3*y + 45, -1 = h + 4. Suppose -170 = -2*c - y. Suppose -7*a + 3*a + 132 = 4*s, 5*a = 2*s - c. What is the units digit of s?
5
Let b = -43 - -26. Let k be (16 - 19) + (45 - 1). Let y = b + k. What is the tens digit of y?
2
Suppose 15616 = 11*h - 19034. What is the hundreds digit of h?
1
Suppose i - 522 = -2*b, -2*b = 2*i - 3*b - 1049. What is the units digit of i?
4
Suppose -11*j + 5037 = -5270. What is the hundreds digit of j?
9
Let q = 371 + 569. What is the hundreds digit of q?
9
Let b be 0 + (36/4 - 4). Suppose h - 345 = -4*n, -n + 3*h = -b*n + 339. What is the tens digit of n?
8
Let t = -941 - -1651. What is the tens digit of t?
1
Suppose 6*q - 15 = q. Suppose 5*f - q*t - 90 = 0, -3*t - t - 65 = -3*f. What is the units digit of (-836)/(-30) - (-2)/f?
8
Let j be (-8)/40 + 11/5. Suppose 5*r - 35 = 5*m - j*m, 45 = 3*r + 3*m. What is the units digit of (r/8)/(3/84)?
5
Suppose 0 = 5*c + 4*l - 5656, -4527 = -4*c + 3*l - 4*l. What is the hundreds digit of c?
1
Suppose -24 = -o - o. Suppose 6*m = -3*x + m - 9, -o = 4*x - m. What is the tens digit of 3 - (-14 - x/(-3))?
1
Suppose 4*o - 1244 = -92. Suppose o = 12*y - 8*y. What is the units digit of y?
2
Suppose -28 = 4*z - 3*u, 2*z - 2*u + 16 = -u. Let h = 44 + z. What is the units digit of h?
4
Let i(j) = j**3 - 16*j**2 + 16*j - 17. Let y be i(15). What is the tens digit of (y/2*25)/((-2)/6)?
7
Let b be 3 + -2 - 0*(-4)/20. What is the units digit of (15 - 17) + b*99?
7
What is the tens digit of (-591 - 0)/((-21)/14 - 0)?
9
Suppose 0 = f + 3*k - 6*k - 1822, 3*k = 3*f - 5448. What is the units digit of f?
3
Suppose 5 = 2*z - 5. Suppose z*p + 3*d = 36, 9 = 3*d + 3. Suppose -p*r - 160 = -10*r. What is the tens digit of r?
4
Suppose -2*v - 3*w + 3 + 1 = 0, 0 = 5*v - 3*w - 31. Let d = 7 - v. Suppose c - 5*p = -c + 64, -118 = -5*c + d*p. What is the tens digit of c?
2
Suppose 0 = -9*d + 21*d + 96. Let s(q) = -q**2 - 34*q - 4. What is the hundreds digit of s(d)?
2
Suppose -4*a - 1704 = 4*s, -4*s = a - 2*a - 436. Let j = a - -633. What is the units digit of j?
5
Let c(u) = 7 + 7 - u + 13. Let z = 6 - -5. What is the units digit of c(z)?
6
Let l = -107 - -712. Let v = l + -432. What is the tens digit of v?
7
Let z = 141 - 75. What is the units digit of (4 - 5 - 2) + z?
3
Let z(f) = f**3 - 8*f**2 - 7*f + 5. Let w = 5 - -25. Suppose -4*v + 6 = -w. What is the tens digit of z(v)?
2
What is the hundreds digit of (-260)/6*(-567)/105?
2
Let b = -34 + 18. Let h be (-648)/b - 6/(-4). Suppose -h = -4*s + 90. What is the units digit of s?
3
Let j be -15*(185/(-9) + 4/18). Let s = -163 + j. What is the units digit of s?
2
Let g = -25 + 8. Let u = g + 20. What is the tens digit of (4/4)/(u/111)?
3
Let i = 4 + -2. Suppose -i*x + 8 = 2*x. Let m = x - 0. What is the units digit of m?
2
Let b(w) = w**2 - 3*w + 2. Let o be b(4). Let l be (-16)/24 - (-22)/o. Suppose 0 = -2*k - l*s + 33, 0 = -0*k - 2*k - 2*s + 38. What is the tens digit of k?
2
Suppose -6*j = -8*j + 28. Let h(a) = 8*a**2 - 32*a + 24. Let i(x) = 3*x**2 - 11*x + 8. Let z(d) = j*i(d) - 5*h(d). What is the units digit of z(-6)?
8
What is the units digit of (-6)/((-2922)/2904 - -1)?
8
Suppose -7*t - 869 = -50. Let c be (t/26)/((-2)/8). Let q = c - 10. What is the units digit of q?
8
Let j be (-38)/(-285) - 58/(-15). Suppose -4*n + 0*p = -4*p - j, -2*n = p - 8. What is the units digit of n?
3
Suppose 0 = 3*s + 4*l - l - 12, 2*s - 6 = -l. Let m(f) = -21 + 3*f**2 + 5*f**s + 15*f - f**3 - 1. What is the units digit of m(9)?
2
Let d(s) = -5*s**3 + 6*s**2 + 8*s + 17. What is the thousands digit of d(-6)?
1
Suppose -5*b + 10 = -10. What is the units digit of b/6 - (-920)/15?
2
Suppose 0 = -k - 4*k. Let n be 1/2*-1*k. Suppose 3*h - 4 - 2 = n, 0 = -4*s + 2*h + 92. What is the tens digit of s?
2
Let i be (-244)/(-6) - (-6)/18. Let t = i + 85. What is the tens digit of t?
2
Suppose -9*i + 2*i = -49. Let k(m) = m**3 - 12*m + 7. Let q(j) = j**3 - j**2 - 11*j + 7. Let d(s) = -5*k(s) + 6*q(s). What is the units digit of d(i)?
4
Let w(a) = -2*a**3 + 3*a - 3. Let k be w(2). Let c = k - -24. Suppose -d + 11 = -2*m, d + 3*m - m - c = 0. What is the tens digit of d?
1
Let f(s) = -31*s**3 - s**2 + 6*s + 9. What is the hundreds digit of f(-2)?
2
Let z(q) = q**2 + q - 2. Let v be z(-3). Suppose -4*h - i = -147, 0 = 2*i - v - 2. What is the units digit of h?
6
Let o be -3 - (-3 + -2 - 1). Let s(b) = -5*b + 7. Let n be s(o). Let y = n - -27. What is the units digit of y?
9
Let o = 1886 - 951. What is the units digit of o?
5
Suppose 180 = -3*p + 8*p. Suppose -3*l = -2*l + i - p, 4*i - 36 = -l. Let d = 58 - l. What is the units digit of d?
2
Let h(q) = -6*q**2 - 3*q**2 - 16*q + q**3 + 12*q + 8 - 5*q. Suppose -4*n + 31 = -9. What is the units digit of h(n)?
8
Suppose -3*g - 8 = -4*q + 2*q, 4 = -2*g. Let o(s) = 46*s. What is the units digit of o(q)?
6
Suppose 3*g - 13 = 4*k - 9*k, -4*k + 5*g + 3 = 0. Suppose x - k = 1. What is the units digit of 76*(x + (-20)/8)?
8
Let f(w) be the third derivative of -w**6/120 - 7*w**5/60 + w**4/3 + 10*w**3/3 + 17*w**2. What is the units digit of f(-8)?
0
Let r = -1833 + 3310. What is the hundreds digit of r?
4
Let f = -84 + 86. Suppose 0 = -s - 4*x - 15, x - 9 + 4 = -f*s. What is the units digit of s?
5
Let n be 10/15 - (128/12)/(-2). Suppose -n*f = 4*f - 1770. What is the hundreds digit of f?
1
Suppose 0 = -0*y - 4*y + 4*q, 0 = -q + 2. What is the units digit of ((2 - 6) + y)*167/(-2)?
7
Suppose 0 = i - 3*s - 0*s + 9, i - 5*s = -17. Let w(n) = -4 + i + 8*n**2 - n**2 + 5 + n**3. What is the units digit of w(-3)?
0
Suppose 4*m = 5*m - 3. Suppose 202 = y + 2*y - w, 2*y = m*w + 123. What is the units digit of y?
9
Suppose -5*q + 5*v + 50 = 0, 3*v = -q - 0*v - 6. Suppose -2*z + q = -6. Suppose 2*s - 2*b + 80 = z*s, 5*s = 5*b + 130. What is the tens digit of s?
2
Suppose 5*v - 2970 = 5*g, -3*v + 8*g = 10*g - 1757. What is the tens digit of v?
8
Let f be (-1 - 291/2)/((-4)/8). Let c = f + -144. What is the tens digit of c?
4
Suppose -5*w - 2*b = 4, -w - 5*b = -0*b - 13. Let h = w - -2. Suppose h = -3*f + f + 44. What is the tens digit of f?
2
Let k(g) = g**2 - 2*g - 4. Let z be k(4). What is the tens digit of (135 - 0)/5*1*z?
0
Suppose -33*m + 1045 = -28*m. What is the tens digit of m?
0
What is the tens digit of (5690/(-50) - -9)/(1/(-20))?
9
Suppose 0 = -4*g - 5*i + 73, -2*g = -0*g - 4*i - 56. Let a = 1 + -1. Suppose 2*k - 24 = -4*x, a = -k + x + 2*x + g. What is the tens digit of k?
1
Let u be 5/20 + 1916/16. Suppose 0 = -m + 2*b + 70 + u, m - 202 = 5*b. What is the hundreds digit o